{"id":235,"date":"2018-04-23T14:53:10","date_gmt":"2018-04-23T12:53:10","guid":{"rendered":"https:\/\/oorkaarsen.nl\/webshop\/?page_id=235"},"modified":"2021-01-13T12:04:37","modified_gmt":"2021-01-13T11:04:37","slug":"bezorging","status":"publish","type":"page","link":"https:\/\/oorkaarsen.nl\/webshop\/bezorging\/","title":{"rendered":"Bezorging en Verzendkosten"},"content":{"rendered":"<p class=\"page-title\">Binnen Nederland hebben onze producten, indien op voorraad, een levertijd van 1 dag. Als je op werkdagen voor 10.00 uur bestelt en betaalt met een directe betaalmethode zoals iDeal of Credit Card dan zal je order nog diezelfde dag worden verzonden. Normaal gesproken heb je deze dan de volgende dag in huis (dit onder voorbehoud van vertragingen bij de vervoerder).<\/p>\n<p class=\"page-title\">Indien er een track &amp; trace code beschikbaar is krijg je deze per mail,\u00a0zodra je bestelling aangeboden is aan onze vervoerder.<\/p>\n<p class=\"page-title\">Niet alle bestellingen hebben een track &amp; trace code. Bestellingen krijgen een track &amp; trace code wanneer het pakket niet door de brievenbus past. Heb je geen code ontvangen, dan past het pakketje door de brievenbus en hoef je er niet speciaal voor thuis te blijven.<\/p>\n<h3>Niet thuis?<\/h3>\n<p>Wanneer onze vervoerder je pakket niet kan afleveren omdat er niemand thuis is, bieden zij het pakket standaard aan bij de buren. Als dit niet lukt, dan komt de bezorger de volgende dag nogmaals langs (m.u.v. zondag).\u00a0Heb je van onze vervoerder een kaart met een bezorgcode in je brievenbus ontvangen? Dan kan je met behulp van deze bezorgcode aangeven waar en wanneer jij je pakket alsnog wilt ontvangen.<\/p>\n<div>\n<p><strong>In Nederland wordt je bestelling op de volgende dagen bezorgd (onder voorbehoud van vertragingen bij de vervoerder):<\/strong><\/p>\n<table class=\"table table-condensed table-striped\">\n<tbody>\n<tr>\n<td><strong>Besteld voor 10.00 uur<\/strong><\/td>\n<td><strong>1e bezorging\u00a0<\/strong><\/td>\n<td><strong>2e bezorging<\/strong><\/td>\n<\/tr>\n<tr>\n<td>Maandag<\/td>\n<td>Dinsdag<\/td>\n<td>Woensdag<\/td>\n<\/tr>\n<tr>\n<td>Dinsdag<\/td>\n<td>Woensdag<\/td>\n<td>Donderdag<\/td>\n<\/tr>\n<tr>\n<td>Woensdag<\/td>\n<td>Donderdag<\/td>\n<td>Vrijdag<\/td>\n<\/tr>\n<tr>\n<td>Donderdag<\/td>\n<td>Vrijdag<\/td>\n<td>Zaterdag<\/td>\n<\/tr>\n<tr>\n<td>Vrijdag<\/td>\n<td>Zaterdag<\/td>\n<td>Dinsdag<\/td>\n<\/tr>\n<tr>\n<td>Zaterdag en zondag<\/td>\n<td>Dinsdag<\/td>\n<td>Woensdag<\/td>\n<\/tr>\n<\/tbody>\n<\/table>\n<p>&nbsp;<\/p>\n<h3>Verzendkosten<\/h3>\n<p><strong>Verzendkosten binnen Nederland:<\/strong><\/p>\n<p>We rekenen onderstaande bezorgkosten voor levering van onze producten binnen Nederland. Het gebruik van postbus-adressen is uitgesloten.<\/p>\n<div class=\"row\">\n<div class=\"col-md-6\">\n<table class=\"table table-condensed table-striped\">\n<tbody>\n<tr>\n<td>Bestellingen tot \u20ac 49,00:<\/td>\n<td align=\"right\">\u20ac 3,95<\/td>\n<\/tr>\n<tr>\n<td>Bestellingen vanaf \u20ac 49,00:<\/td>\n<td align=\"right\"><b class=\"text-green\">GRATIS<\/b><\/td>\n<\/tr>\n<\/tbody>\n<\/table>\n<p><strong>Verzendkosten buiten Nederland:<\/strong><\/p>\n<p><strong>Zone 1:\u00a0<\/strong>Belgi\u00eb, Duitsland, Luxemburg.<br \/>\nVerzendkosten: \u20ac 5,95. Bestellingen<strong> vanaf \u20ac 59,00 gratis verzenden<\/strong>.<\/p>\n<p><strong>Zone 2:<\/strong> Bulgarije, Denemarken, Frankrijk, Griekenland, Hongarije, Itali\u00eb, Letland, Litouwen, Oostenrijk, Roemeni\u00eb, Slowakije, Tsjechi\u00eb, Verenigd Koninkrijk, Zweden.<br \/>\nVerzendkosten: \u20ac 6,99.\u00a0Bestellingen <strong>vanaf \u20ac 85,00 gratis verzenden.<\/strong><\/p>\n<p><strong>Zone 3:<\/strong> Finland, Noorwegen, Polen, Portugal, Spanje, Zwitserland.<br \/>\nVerzendkosten: \u20ac 8,99.\u00a0Bestellingen <strong>vanaf \u20ac 95,00 gratis verzenden.<\/strong><\/p>\n<p><strong>Overige landen:<br \/>\n<\/strong>Verzendkosten: \u20ac 19,50.\u00a0Bestellingen <strong>vanaf \u20ac 150,00 gratis verzenden.<\/strong><\/p>\n<p>&nbsp;<\/p>\n<\/div>\n<\/div>\n<\/div>\n","protected":false},"excerpt":{"rendered":"<p>Binnen Nederland hebben onze producten, indien op voorraad, een levertijd van 1 dag. Als je op werkdagen voor 10.00 uur bestelt en betaalt met een directe betaalmethode zoals iDeal of Credit Card dan zal je order nog diezelfde dag worden verzonden. Normaal gesproken heb je deze dan de volgende dag in huis (dit onder voorbehoud [&hellip;]<\/p>\n","protected":false},"author":1,"featured_media":0,"parent":0,"menu_order":0,"comment_status":"closed","ping_status":"closed","template":"","meta":{"jetpack_post_was_ever_published":false,"footnotes":""},"class_list":["post-235","page","type-page","status-publish","hentry"],"jetpack_sharing_enabled":true,"jetpack_shortlink":"https:\/\/wp.me\/P9R41B-3N","_links":{"self":[{"href":"https:\/\/oorkaarsen.nl\/webshop\/wp-json\/wp\/v2\/pages\/235"}],"collection":[{"href":"https:\/\/oorkaarsen.nl\/webshop\/wp-json\/wp\/v2\/pages"}],"about":[{"href":"https:\/\/oorkaarsen.nl\/webshop\/wp-json\/wp\/v2\/types\/page"}],"author":[{"embeddable":true,"href":"https:\/\/oorkaarsen.nl\/webshop\/wp-json\/wp\/v2\/users\/1"}],"replies":[{"embeddable":true,"href":"https:\/\/oorkaarsen.nl\/webshop\/wp-json\/wp\/v2\/comments?post=235"}],"version-history":[{"count":26,"href":"https:\/\/oorkaarsen.nl\/webshop\/wp-json\/wp\/v2\/pages\/235\/revisions"}],"predecessor-version":[{"id":782,"href":"https:\/\/oorkaarsen.nl\/webshop\/wp-json\/wp\/v2\/pages\/235\/revisions\/782"}],"wp:attachment":[{"href":"https:\/\/oorkaarsen.nl\/webshop\/wp-json\/wp\/v2\/media?parent=235"}],"curies":[{"name":"wp","href":"https:\/\/api.w.org\/{rel}","templated":true}]}}